{"id":2042,"date":"2026-04-08T13:52:44","date_gmt":"2026-04-08T13:52:44","guid":{"rendered":"https:\/\/transportadoralunardi.com.br\/site\/?page_id=2042"},"modified":"2026-04-09T17:29:22","modified_gmt":"2026-04-09T17:29:22","slug":"frota","status":"publish","type":"page","link":"https:\/\/transportadoralunardi.com.br\/site\/frota\/","title":{"rendered":"Frota"},"content":{"rendered":"\t\t<div data-elementor-type=\"wp-page\" data-elementor-id=\"2042\" class=\"elementor elementor-2042\" data-elementor-post-type=\"page\">\n\t\t\t\t<div class=\"elementor-element elementor-element-77b3ea5 e-con-full e-flex e-con e-parent\" data-id=\"77b3ea5\" data-element_type=\"container\" data-e-type=\"container\" data-settings=\"{&quot;background_background&quot;:&quot;classic&quot;,&quot;animation&quot;:&quot;none&quot;}\">\n\t\t\t\t<\/div>\n\t\t<div class=\"elementor-element elementor-element-0a561b1 e-flex e-con-boxed e-con e-parent\" data-id=\"0a561b1\" data-element_type=\"container\" data-e-type=\"container\" data-settings=\"{&quot;animation&quot;:&quot;none&quot;}\">\n\t\t\t\t\t<div class=\"e-con-inner\">\n\t\t<div class=\"elementor-element elementor-element-1eaecc7 e-con-full e-flex e-con e-child\" data-id=\"1eaecc7\" data-element_type=\"container\" data-e-type=\"container\">\n\t\t\t\t<div class=\"elementor-element elementor-element-12130c0 elementor-widget__width-initial elementor-widget-divider--view-line elementor-widget elementor-widget-divider\" data-id=\"12130c0\" data-element_type=\"widget\" data-e-type=\"widget\" data-widget_type=\"divider.default\">\n\t\t\t\t\t\t\t<div class=\"elementor-divider\">\n\t\t\t<span class=\"elementor-divider-separator\">\n\t\t\t\t\t\t<\/span>\n\t\t<\/div>\n\t\t\t\t\t\t<\/div>\n\t\t\t\t<div class=\"elementor-element elementor-element-c29ae82 elementor-widget elementor-widget-heading\" data-id=\"c29ae82\" data-element_type=\"widget\" data-e-type=\"widget\" data-widget_type=\"heading.default\">\n\t\t\t\t\t<h2 class=\"elementor-heading-title elementor-size-default\">Nossa frota<\/h2>\t\t\t\t<\/div>\n\t\t\t\t<div class=\"elementor-element elementor-element-b1c6040 elementor-widget__width-initial elementor-widget-divider--view-line elementor-widget elementor-widget-divider\" data-id=\"b1c6040\" data-element_type=\"widget\" data-e-type=\"widget\" data-widget_type=\"divider.default\">\n\t\t\t\t\t\t\t<div class=\"elementor-divider\">\n\t\t\t<span class=\"elementor-divider-separator\">\n\t\t\t\t\t\t<\/span>\n\t\t<\/div>\n\t\t\t\t\t\t<\/div>\n\t\t\t\t<\/div>\n\t\t<div class=\"elementor-element elementor-element-9bb455e e-con-full e-flex e-con e-child\" data-id=\"9bb455e\" data-element_type=\"container\" data-e-type=\"container\">\n\t\t<div class=\"elementor-element elementor-element-6bd2caf e-con-full e-flex e-con e-child\" data-id=\"6bd2caf\" data-element_type=\"container\" data-e-type=\"container\">\n\t\t\t\t\t\t\t\t<p class=\"e-740d682-ba13410 text e-paragraph-base\" data-interaction-id=\"740d682\"  data-e-type=\"widget\" data-id=\"740d682\">\n\t\t\t\t\t\t\t\tCom a Transportadora Lunardi sua carga est\u00e1 sempre em boas m\u00e3os. Contamos com uma moderna frota com mais de 450 conjuntos pr\u00f3prios, composta por semirreboques refrigerados e semirreboques ba\u00fa carga seca (com idade m\u00e9dia de 2 anos e 6 meses), que abrangem as principais rotas da cadeia log\u00edstica e ligam todo o territ\u00f3rio nacional, al\u00e9m de estarmos representados por colaboradores internos e externos, experientes e capacitados.\n\t\t\t\t\t<\/p>\n\t\t\t\t<\/div>\n\t\t\t\t<\/div>\n\t\t\t\t\t<\/div>\n\t\t\t\t<\/div>\n\t\t<div class=\"elementor-element elementor-element-c4ffafe e-flex e-con-boxed e-con e-parent\" data-id=\"c4ffafe\" data-element_type=\"container\" data-e-type=\"container\" data-settings=\"{&quot;background_background&quot;:&quot;classic&quot;,&quot;animation&quot;:&quot;none&quot;}\">\n\t\t\t\t\t<div class=\"e-con-inner\">\n\t\t<div class=\"elementor-element elementor-element-fd0689e e-con-full e-flex e-con e-child\" data-id=\"fd0689e\" data-element_type=\"container\" data-e-type=\"container\">\n\t\t\t\t<div class=\"elementor-element elementor-element-ab7f4f2 elementor-widget__width-initial elementor-widget-divider--view-line elementor-widget elementor-widget-divider\" data-id=\"ab7f4f2\" data-element_type=\"widget\" data-e-type=\"widget\" data-widget_type=\"divider.default\">\n\t\t\t\t\t\t\t<div class=\"elementor-divider\">\n\t\t\t<span class=\"elementor-divider-separator\">\n\t\t\t\t\t\t<\/span>\n\t\t<\/div>\n\t\t\t\t\t\t<\/div>\n\t\t\t\t<div class=\"elementor-element elementor-element-a5bfc3f elementor-widget elementor-widget-heading\" data-id=\"a5bfc3f\" data-element_type=\"widget\" data-e-type=\"widget\" data-widget_type=\"heading.default\">\n\t\t\t\t\t<h2 class=\"elementor-heading-title elementor-size-default\">Tecnologia e seguran\u00e7a\n<\/h2>\t\t\t\t<\/div>\n\t\t\t\t<div class=\"elementor-element elementor-element-738716f elementor-widget__width-initial elementor-widget-divider--view-line elementor-widget elementor-widget-divider\" data-id=\"738716f\" data-element_type=\"widget\" data-e-type=\"widget\" data-widget_type=\"divider.default\">\n\t\t\t\t\t\t\t<div class=\"elementor-divider\">\n\t\t\t<span class=\"elementor-divider-separator\">\n\t\t\t\t\t\t<\/span>\n\t\t<\/div>\n\t\t\t\t\t\t<\/div>\n\t\t\t\t<\/div>\n\t\t<div class=\"elementor-element elementor-element-f00acdc e-con-full e-flex e-con e-child\" data-id=\"f00acdc\" data-element_type=\"container\" data-e-type=\"container\">\n\t\t<div class=\"elementor-element elementor-element-e32c28f e-con-full e-flex e-con e-child\" data-id=\"e32c28f\" data-element_type=\"container\" data-e-type=\"container\">\n\t\t\t\t\t\t\t\t<p class=\"e-cc5c9fc-e7df460 text e-paragraph-base\" data-interaction-id=\"cc5c9fc\"  data-e-type=\"widget\" data-id=\"cc5c9fc\">\n\t\t\t\t\t\t\t\tAlgumas vantagens que s\u00e3o garantias de um transporte seguro e confi\u00e1vel, atendendo as necessidades da sua empresa.\n\t\t\t\t\t<\/p>\n\t\t\t\t<\/div>\n\t\t<div class=\"elementor-element elementor-element-730cbe0 e-con-full e-flex e-con e-child\" data-id=\"730cbe0\" data-element_type=\"container\" data-e-type=\"container\">\n\t\t<div class=\"elementor-element elementor-element-603a54d e-con-full e-flex e-con e-child\" data-id=\"603a54d\" data-element_type=\"container\" data-e-type=\"container\">\n\t\t\t\t<div class=\"elementor-element elementor-element-93ad686 elementor-widget elementor-widget-image\" data-id=\"93ad686\" data-element_type=\"widget\" data-e-type=\"widget\" data-widget_type=\"image.default\">\n\t\t\t\t\t\t\t\t\t\t\t\t\t\t\t<img decoding=\"async\" width=\"100\" height=\"99\" src=\"https:\/\/transportadoralunardi.com.br\/site\/wp-content\/uploads\/2015\/09\/ico_sat1.png\" class=\"attachment-full size-full wp-image-359\" alt=\"\" srcset=\"https:\/\/transportadoralunardi.com.br\/site\/wp-content\/uploads\/2015\/09\/ico_sat1.png 100w, https:\/\/transportadoralunardi.com.br\/site\/wp-content\/uploads\/2015\/09\/ico_sat1-60x60.png 60w, https:\/\/transportadoralunardi.com.br\/site\/wp-content\/uploads\/2015\/09\/ico_sat1-43x43.png 43w\" sizes=\"(max-width: 100px) 100vw, 100px\" \/>\t\t\t\t\t\t\t\t\t\t\t\t\t\t\t<\/div>\n\t\t<div class=\"elementor-element elementor-element-4e4bc1e e-con-full e-flex e-con e-child\" data-id=\"4e4bc1e\" data-element_type=\"container\" data-e-type=\"container\">\n\t\t\t\t<div class=\"elementor-element elementor-element-964c029 elementor-widget elementor-widget-heading\" data-id=\"964c029\" data-element_type=\"widget\" data-e-type=\"widget\" data-widget_type=\"heading.default\">\n\t\t\t\t\t<h2 class=\"elementor-heading-title elementor-size-default\">SISTEMA DE RASTREAMENTO ATIVO<\/h2>\t\t\t\t<\/div>\n\t\t\t\t\t\t\t\t<p class=\"text e-paragraph-base\" data-interaction-id=\"d33b0f8\"  data-e-type=\"widget\" data-id=\"d33b0f8\">\n\t\t\t\t\t\t\t\tPreven\u00e7\u00e3o de roubos de cargas com o monitoramento e rastreamento de ve\u00edculos atrav\u00e9s de sistema de transmiss\u00e3o de dados via sat\u00e9lite.\n\t\t\t\t\t<\/p>\n\t\t\t\t<\/div>\n\t\t\t\t<\/div>\n\t\t<div class=\"elementor-element elementor-element-7363a5e e-con-full e-flex e-con e-child\" data-id=\"7363a5e\" data-element_type=\"container\" data-e-type=\"container\">\n\t\t\t\t<div class=\"elementor-element elementor-element-f3914c0 elementor-widget elementor-widget-image\" data-id=\"f3914c0\" data-element_type=\"widget\" data-e-type=\"widget\" data-widget_type=\"image.default\">\n\t\t\t\t\t\t\t\t\t\t\t\t\t\t\t<img decoding=\"async\" width=\"100\" height=\"94\" src=\"https:\/\/transportadoralunardi.com.br\/site\/wp-content\/uploads\/2015\/09\/ico_informa1.png\" class=\"attachment-full size-full wp-image-357\" alt=\"\" \/>\t\t\t\t\t\t\t\t\t\t\t\t\t\t\t<\/div>\n\t\t<div class=\"elementor-element elementor-element-31867a6 e-con-full e-flex e-con e-child\" data-id=\"31867a6\" data-element_type=\"container\" data-e-type=\"container\">\n\t\t\t\t<div class=\"elementor-element elementor-element-da7c6f8 elementor-widget elementor-widget-heading\" data-id=\"da7c6f8\" data-element_type=\"widget\" data-e-type=\"widget\" data-widget_type=\"heading.default\">\n\t\t\t\t\t<h2 class=\"elementor-heading-title elementor-size-default\">ESTRUTURA 100% INFORMATIZADA<\/h2>\t\t\t\t<\/div>\n\t\t\t\t\t\t\t\t<p class=\"text e-paragraph-base\" data-interaction-id=\"1695f2d\"  data-e-type=\"widget\" data-id=\"1695f2d\">\n\t\t\t\t\t\t\t\tOferece, a seus clientes, informa\u00e7\u00f5es sobre as suas cargas, produtos e opera\u00e7\u00f5es, atrav\u00e9s de um atendimento personalizado.\n\t\t\t\t\t<\/p>\n\t\t\t\t<\/div>\n\t\t\t\t<\/div>\n\t\t\t\t<\/div>\n\t\t<div class=\"elementor-element elementor-element-b0f2b6d e-con-full e-flex e-con e-child\" data-id=\"b0f2b6d\" data-element_type=\"container\" data-e-type=\"container\">\n\t\t<div class=\"elementor-element elementor-element-4afa0b7 e-con-full e-flex e-con e-child\" data-id=\"4afa0b7\" data-element_type=\"container\" data-e-type=\"container\">\n\t\t\t\t<div class=\"elementor-element elementor-element-21d56ec elementor-widget elementor-widget-image\" data-id=\"21d56ec\" data-element_type=\"widget\" data-e-type=\"widget\" data-widget_type=\"image.default\">\n\t\t\t\t\t\t\t\t\t\t\t\t\t\t\t<img decoding=\"async\" width=\"92\" height=\"100\" src=\"https:\/\/transportadoralunardi.com.br\/site\/wp-content\/uploads\/2015\/09\/ico_temp1.png\" class=\"attachment-full size-full wp-image-360\" alt=\"\" \/>\t\t\t\t\t\t\t\t\t\t\t\t\t\t\t<\/div>\n\t\t<div class=\"elementor-element elementor-element-e19085f e-con-full e-flex e-con e-child\" data-id=\"e19085f\" data-element_type=\"container\" data-e-type=\"container\">\n\t\t\t\t<div class=\"elementor-element elementor-element-441e270 elementor-widget elementor-widget-heading\" data-id=\"441e270\" data-element_type=\"widget\" data-e-type=\"widget\" data-widget_type=\"heading.default\">\n\t\t\t\t\t<h2 class=\"elementor-heading-title elementor-size-default\">REFRIGERA\u00c7\u00c3O<\/h2>\t\t\t\t<\/div>\n\t\t\t\t\t\t\t\t<p class=\"text e-paragraph-base\" data-interaction-id=\"fa63ffd\"  data-e-type=\"widget\" data-id=\"fa63ffd\">\n\t\t\t\t\t\t\t\tEquipamento de refrigera\u00e7\u00e3o que garantem desempenho e efici\u00eancia a cada quil\u00f4metro rodado, al\u00e9m de manter a qualidade da carga transportada.\n\t\t\t\t\t<\/p>\n\t\t\t\t<\/div>\n\t\t\t\t<\/div>\n\t\t<div class=\"elementor-element elementor-element-b4b5f7f e-con-full e-flex e-con e-child\" data-id=\"b4b5f7f\" data-element_type=\"container\" data-e-type=\"container\">\n\t\t\t\t<div class=\"elementor-element elementor-element-c1cc340 elementor-widget elementor-widget-image\" data-id=\"c1cc340\" data-element_type=\"widget\" data-e-type=\"widget\" data-widget_type=\"image.default\">\n\t\t\t\t\t\t\t\t\t\t\t\t\t\t\t<img loading=\"lazy\" decoding=\"async\" width=\"83\" height=\"100\" src=\"https:\/\/transportadoralunardi.com.br\/site\/wp-content\/uploads\/2015\/09\/ico_protec1.png\" class=\"attachment-full size-full wp-image-358\" alt=\"\" \/>\t\t\t\t\t\t\t\t\t\t\t\t\t\t\t<\/div>\n\t\t<div class=\"elementor-element elementor-element-c9aeb38 e-con-full e-flex e-con e-child\" data-id=\"c9aeb38\" data-element_type=\"container\" data-e-type=\"container\">\n\t\t\t\t<div class=\"elementor-element elementor-element-4fe0d85 elementor-widget elementor-widget-heading\" data-id=\"4fe0d85\" data-element_type=\"widget\" data-e-type=\"widget\" data-widget_type=\"heading.default\">\n\t\t\t\t\t<h2 class=\"elementor-heading-title elementor-size-default\">MAIOR PROTE\u00c7\u00c3O<\/h2>\t\t\t\t<\/div>\n\t\t\t\t\t\t\t\t<p class=\"text e-paragraph-base\" data-interaction-id=\"cbfc3a7\"  data-e-type=\"widget\" data-id=\"cbfc3a7\">\n\t\t\t\t\t\t\t\tAl\u00e9m de contar com uma moderna frota, a Transportadora Lunardi mant\u00e9m um rigoroso cronograma de manuten\u00e7\u00e3o e revis\u00e3o de todos os ve\u00edculos.\n\t\t\t\t\t<\/p>\n\t\t\t\t<\/div>\n\t\t\t\t<\/div>\n\t\t\t\t<\/div>\n\t\t\t\t<\/div>\n\t\t\t\t\t<\/div>\n\t\t\t\t<\/div>\n\t\t\t\t<\/div>\n\t\t","protected":false},"excerpt":{"rendered":"<p>Nossa frota Com a Transportadora Lunardi sua carga est\u00e1 sempre em boas m\u00e3os. Contamos com uma moderna frota com mais de 450 conjuntos pr\u00f3prios, composta por semirreboques refrigerados e semirreboques ba\u00fa carga seca (com idade m\u00e9dia de 2 anos e 6 meses), que abrangem as principais rotas da cadeia log\u00edstica e ligam todo o territ\u00f3rio [&hellip;]<\/p>\n","protected":false},"author":1,"featured_media":0,"parent":0,"menu_order":0,"comment_status":"closed","ping_status":"closed","template":"","meta":{"footnotes":""},"class_list":["post-2042","page","type-page","status-publish","hentry"],"_links":{"self":[{"href":"https:\/\/transportadoralunardi.com.br\/site\/wp-json\/wp\/v2\/pages\/2042","targetHints":{"allow":["GET"]}}],"collection":[{"href":"https:\/\/transportadoralunardi.com.br\/site\/wp-json\/wp\/v2\/pages"}],"about":[{"href":"https:\/\/transportadoralunardi.com.br\/site\/wp-json\/wp\/v2\/types\/page"}],"author":[{"embeddable":true,"href":"https:\/\/transportadoralunardi.com.br\/site\/wp-json\/wp\/v2\/users\/1"}],"replies":[{"embeddable":true,"href":"https:\/\/transportadoralunardi.com.br\/site\/wp-json\/wp\/v2\/comments?post=2042"}],"version-history":[{"count":17,"href":"https:\/\/transportadoralunardi.com.br\/site\/wp-json\/wp\/v2\/pages\/2042\/revisions"}],"predecessor-version":[{"id":2458,"href":"https:\/\/transportadoralunardi.com.br\/site\/wp-json\/wp\/v2\/pages\/2042\/revisions\/2458"}],"wp:attachment":[{"href":"https:\/\/transportadoralunardi.com.br\/site\/wp-json\/wp\/v2\/media?parent=2042"}],"curies":[{"name":"wp","href":"https:\/\/api.w.org\/{rel}","templated":true}]}}