{"id":1942,"date":"2026-04-08T11:13:59","date_gmt":"2026-04-08T11:13:59","guid":{"rendered":"https:\/\/transportadoralunardi.com.br\/site\/?page_id=1942"},"modified":"2026-04-09T14:21:22","modified_gmt":"2026-04-09T14:21:22","slug":"home","status":"publish","type":"page","link":"https:\/\/transportadoralunardi.com.br\/site\/","title":{"rendered":"Home"},"content":{"rendered":"\t\t<div data-elementor-type=\"wp-page\" data-elementor-id=\"1942\" class=\"elementor elementor-1942\">\n\t\t\t\t<div class=\"elementor-element elementor-element-7b6a2bd e-flex e-con-boxed e-con e-parent\" data-id=\"7b6a2bd\" data-element_type=\"container\" data-e-type=\"container\" data-settings=\"{&quot;background_background&quot;:&quot;classic&quot;,&quot;animation&quot;:&quot;none&quot;}\">\n\t\t\t\t\t<div class=\"e-con-inner\">\n\t\t\t\t\t<\/div>\n\t\t\t\t<\/div>\n\t\t<div class=\"elementor-element elementor-element-650415f e-flex e-con-boxed e-con e-parent\" data-id=\"650415f\" data-element_type=\"container\" data-e-type=\"container\" data-settings=\"{&quot;animation&quot;:&quot;none&quot;}\">\n\t\t\t\t\t<div class=\"e-con-inner\">\n\t\t<div class=\"elementor-element elementor-element-be71cbc e-con-full e-flex e-con e-child\" data-id=\"be71cbc\" data-element_type=\"container\" data-e-type=\"container\">\n\t\t\t\t<div class=\"elementor-element elementor-element-f4b349c elementor-widget__width-initial elementor-widget-divider--view-line elementor-widget elementor-widget-divider\" data-id=\"f4b349c\" data-element_type=\"widget\" data-e-type=\"widget\" data-widget_type=\"divider.default\">\n\t\t\t\t\t\t\t<div class=\"elementor-divider\">\n\t\t\t<span class=\"elementor-divider-separator\">\n\t\t\t\t\t\t<\/span>\n\t\t<\/div>\n\t\t\t\t\t\t<\/div>\n\t\t\t\t<div class=\"elementor-element elementor-element-cdafc92 elementor-widget elementor-widget-heading\" data-id=\"cdafc92\" data-element_type=\"widget\" data-e-type=\"widget\" data-widget_type=\"heading.default\">\n\t\t\t\t\t<h2 class=\"elementor-heading-title elementor-size-default\">Entrega segura, confi\u00e1vel, no prazo e destino correto<\/h2>\t\t\t\t<\/div>\n\t\t\t\t<div class=\"elementor-element elementor-element-85ae506 elementor-widget__width-initial elementor-widget-divider--view-line elementor-widget elementor-widget-divider\" data-id=\"85ae506\" data-element_type=\"widget\" data-e-type=\"widget\" data-widget_type=\"divider.default\">\n\t\t\t\t\t\t\t<div class=\"elementor-divider\">\n\t\t\t<span class=\"elementor-divider-separator\">\n\t\t\t\t\t\t<\/span>\n\t\t<\/div>\n\t\t\t\t\t\t<\/div>\n\t\t\t\t<\/div>\n\t\t<div class=\"elementor-element elementor-element-e1a22b6 e-con-full e-flex e-con e-child\" data-id=\"e1a22b6\" data-element_type=\"container\" data-e-type=\"container\">\n\t\t<div class=\"elementor-element elementor-element-806b5ad e-con-full e-flex e-con e-child\" data-id=\"806b5ad\" data-element_type=\"container\" data-e-type=\"container\">\n\t\t\t\t\t\t\t\t<p class=\"e-f00b5b1-0516b67 text e-paragraph-base\" data-interaction-id=\"f00b5b1\"  >\n\t\t\t\t\t\t\t\tMais do que pontualidade e seguran\u00e7a, n\u00f3s oferecemos a confian\u00e7a e por ela nos movemos.<br>Somos uma empresa que conta com uma longa tradi\u00e7\u00e3o no ramo de log\u00edstica, sendo nosso princ\u00edpio, desde 1984, ano de nossa funda\u00e7\u00e3o, atender as necessidades de transporte de nossos clientes fazendo tudo que est\u00e1 ao nosso alcance, de forma r\u00e1pida e com maior responsabilidade. Seja na experi\u00eancia com manipula\u00e7\u00e3o de cargas, nos sistemas de informa\u00e7\u00e3o, no amplo conhecimento de rotas e processos ou no eficiente servi\u00e7o de log\u00edstica desempenhado.\n\t\t\t\t\t<\/p>\n\t\t\t\t<\/div>\n\t\t<div class=\"elementor-element elementor-element-08fe542 e-con-full e-flex e-con e-child\" data-id=\"08fe542\" data-element_type=\"container\" data-e-type=\"container\">\n\t\t\t\t<div class=\"elementor-element elementor-element-3f6b71e elementor-widget elementor-widget-image\" data-id=\"3f6b71e\" data-element_type=\"widget\" data-e-type=\"widget\" data-widget_type=\"image.default\">\n\t\t\t\t\t\t\t\t\t\t\t\t\t\t\t<img fetchpriority=\"high\" decoding=\"async\" width=\"411\" height=\"284\" src=\"https:\/\/transportadoralunardi.com.br\/site\/wp-content\/uploads\/2015\/09\/transporte_img.jpg\" class=\"attachment-full size-full wp-image-51\" alt=\"\" srcset=\"https:\/\/transportadoralunardi.com.br\/site\/wp-content\/uploads\/2015\/09\/transporte_img.jpg 411w, https:\/\/transportadoralunardi.com.br\/site\/wp-content\/uploads\/2015\/09\/transporte_img-300x207.jpg 300w, https:\/\/transportadoralunardi.com.br\/site\/wp-content\/uploads\/2015\/09\/transporte_img-360x249.jpg 360w, https:\/\/transportadoralunardi.com.br\/site\/wp-content\/uploads\/2015\/09\/transporte_img-262x181.jpg 262w\" sizes=\"(max-width: 411px) 100vw, 411px\" \/>\t\t\t\t\t\t\t\t\t\t\t\t\t\t\t<\/div>\n\t\t\t\t<\/div>\n\t\t\t\t<\/div>\n\t\t\t\t\t<\/div>\n\t\t\t\t<\/div>\n\t\t<div class=\"elementor-element elementor-element-57481eb e-flex e-con-boxed e-con e-parent\" data-id=\"57481eb\" data-element_type=\"container\" data-e-type=\"container\" data-settings=\"{&quot;background_background&quot;:&quot;classic&quot;,&quot;animation&quot;:&quot;none&quot;}\">\n\t\t\t\t\t<div class=\"e-con-inner\">\n\t\t<div class=\"elementor-element elementor-element-92b2d32 e-con-full e-flex e-con e-child\" data-id=\"92b2d32\" data-element_type=\"container\" data-e-type=\"container\">\n\t\t\t\t<div class=\"elementor-element elementor-element-8dc8a6c elementor-widget__width-initial elementor-widget-divider--view-line elementor-widget elementor-widget-divider\" data-id=\"8dc8a6c\" data-element_type=\"widget\" data-e-type=\"widget\" data-widget_type=\"divider.default\">\n\t\t\t\t\t\t\t<div class=\"elementor-divider\">\n\t\t\t<span class=\"elementor-divider-separator\">\n\t\t\t\t\t\t<\/span>\n\t\t<\/div>\n\t\t\t\t\t\t<\/div>\n\t\t\t\t<div class=\"elementor-element elementor-element-9f0e913 elementor-widget elementor-widget-heading\" data-id=\"9f0e913\" data-element_type=\"widget\" data-e-type=\"widget\" data-widget_type=\"heading.default\">\n\t\t\t\t\t<h2 class=\"elementor-heading-title elementor-size-default\">A Lunardi compartilha de um objetivo em comum:<\/h2>\t\t\t\t<\/div>\n\t\t\t\t<div class=\"elementor-element elementor-element-6d85a6c elementor-widget__width-initial elementor-widget-divider--view-line elementor-widget elementor-widget-divider\" data-id=\"6d85a6c\" data-element_type=\"widget\" data-e-type=\"widget\" data-widget_type=\"divider.default\">\n\t\t\t\t\t\t\t<div class=\"elementor-divider\">\n\t\t\t<span class=\"elementor-divider-separator\">\n\t\t\t\t\t\t<\/span>\n\t\t<\/div>\n\t\t\t\t\t\t<\/div>\n\t\t\t\t<\/div>\n\t\t<div class=\"elementor-element elementor-element-83bfdc7 e-con-full e-flex e-con e-child\" data-id=\"83bfdc7\" data-element_type=\"container\" data-e-type=\"container\">\n\t\t<div class=\"elementor-element elementor-element-65fc8d6 e-con-full e-flex e-con e-child\" data-id=\"65fc8d6\" data-element_type=\"container\" data-e-type=\"container\">\n\t\t\t\t\t\t\t\t<p class=\"e-3018de8-9276b00 text e-paragraph-base\" data-interaction-id=\"3018de8\"  >\n\t\t\t\t\t\t\t\tAtrav\u00e9s da solu\u00e7\u00e3o de transporte certa pra voc\u00ea, assegurar que a sua carga seja entregue segura e intacta ao destino certo e dentro do prazo.\n\t\t\t\t\t<\/p>\n\t\t\t\t<\/div>\n\t\t<div class=\"elementor-element elementor-element-ab2fdab e-con-full e-flex e-con e-child\" data-id=\"ab2fdab\" data-element_type=\"container\" data-e-type=\"container\">\n\t\t\t\t<div class=\"elementor-element elementor-element-c4955d5 elementor-widget elementor-widget-image\" data-id=\"c4955d5\" data-element_type=\"widget\" data-e-type=\"widget\" data-widget_type=\"image.default\">\n\t\t\t\t\t\t\t\t\t\t\t\t\t\t\t<img decoding=\"async\" width=\"251\" height=\"118\" src=\"https:\/\/transportadoralunardi.com.br\/site\/wp-content\/uploads\/2015\/09\/ico_qualquer_destino1.png\" class=\"attachment-full size-full wp-image-555\" alt=\"\" \/>\t\t\t\t\t\t\t\t\t\t\t\t\t\t\t<\/div>\n\t\t\t\t<\/div>\n\t\t\t\t<\/div>\n\t\t\t\t\t<\/div>\n\t\t\t\t<\/div>\n\t\t\t\t<\/div>\n\t\t","protected":false},"excerpt":{"rendered":"<p>Entrega segura, confi\u00e1vel, no prazo e destino correto Mais do que pontualidade e seguran\u00e7a, n\u00f3s oferecemos a confian\u00e7a e por ela nos movemos.Somos uma empresa que conta com uma longa tradi\u00e7\u00e3o no ramo de log\u00edstica, sendo nosso princ\u00edpio, desde 1984, ano de nossa funda\u00e7\u00e3o, atender as necessidades de transporte de nossos clientes fazendo tudo que [&hellip;]<\/p>\n","protected":false},"author":1,"featured_media":0,"parent":0,"menu_order":0,"comment_status":"closed","ping_status":"closed","template":"","meta":{"footnotes":""},"class_list":["post-1942","page","type-page","status-publish","hentry"],"_links":{"self":[{"href":"https:\/\/transportadoralunardi.com.br\/site\/wp-json\/wp\/v2\/pages\/1942","targetHints":{"allow":["GET"]}}],"collection":[{"href":"https:\/\/transportadoralunardi.com.br\/site\/wp-json\/wp\/v2\/pages"}],"about":[{"href":"https:\/\/transportadoralunardi.com.br\/site\/wp-json\/wp\/v2\/types\/page"}],"author":[{"embeddable":true,"href":"https:\/\/transportadoralunardi.com.br\/site\/wp-json\/wp\/v2\/users\/1"}],"replies":[{"embeddable":true,"href":"https:\/\/transportadoralunardi.com.br\/site\/wp-json\/wp\/v2\/comments?post=1942"}],"version-history":[{"count":82,"href":"https:\/\/transportadoralunardi.com.br\/site\/wp-json\/wp\/v2\/pages\/1942\/revisions"}],"predecessor-version":[{"id":2125,"href":"https:\/\/transportadoralunardi.com.br\/site\/wp-json\/wp\/v2\/pages\/1942\/revisions\/2125"}],"wp:attachment":[{"href":"https:\/\/transportadoralunardi.com.br\/site\/wp-json\/wp\/v2\/media?parent=1942"}],"curies":[{"name":"wp","href":"https:\/\/api.w.org\/{rel}","templated":true}]}}